base 8) to base 6
-404221424
-158a7 (base 16) to base 3
-11111000211
-ac297 (base 14) to base 6
-12541221
Convert 34163a (base 12) to base 9.
1507351
What is -2000320221 (base 5) in base 14?
-73d652
3668b (base 13) to base 16
1869a
Convert -2385272 (base 10) to base 8.
-11062570
-324031 (base 11) to base 5
-113032133
-373456 (base 8) to base 7
-1044360
What is 45058a (base 12) in base 6?
35323454
What is -14623064 (base 7) in base 12?
-576822
-1737305 (base 10) to base 9
-3237118
2d4ad (base 16) to base 10
185517
-223313234 (base 5) to base 9
-1775564
What is -1287707 (base 11) in base 14?
-41b562
Convert 385934 (base 10) to base 15.
7953e
Convert 142354a (base 14) to base 12.
33301ba
-12535326 (base 7) to base 3
-2011112012020
What is -5703551 (base 9) in base 8?
-13562242
-10100001010100110101 (base 2) to base 11
-411508
Convert 1000101010010101001 (base 2) to base 4.
1011102221
What is 1025250 (base 6) in base 3?
2120011210
Convert 556045 (base 7) to base 2.
10111111101010011
What is -1565174 (base 8) in base 13?
-12b3bc
-114111314 (base 5) to base 15
-a88a9
What is 10233726 (base 8) in base 13?
5b2b72
305502 (base 6) to base 13
b267
Convert -804a77 (base 12) to base 13.
-54cbcb
Convert 18611 (base 12) to base 11.
24696
Convert -122010 (base 9) to base 4.
-101332212
Convert -146751 (base 14) to base 6.
-23112123
Convert 3165a4 (base 15) to base 5.
1100202104
Convert 9da38 (base 14) to base 13.
1056a4
-4329363 (base 11) to base 7
-121456524
Convert 199694 (base 12) to base 7.
3561511
What is 2244020341 (base 5) in base 14?
95b5d4
Convert 6506 (base 16) to base 9.
38425
What is -22bb3c (base 14) in base 16?
-12146a
-140433301 (base 7) to base 11
-5179a45
Convert -10101102110120 (base 3) to base 12.
-729473
1395571 (base 10) to base 6
45524551
What is -201032123 (base 4) in base 8?
-411633
-135244025 (base 6) to base 9
-5187578
Convert 472517 (base 8) to base 13.
58437
What is -577293 (base 16) in base 6?
-322500123
What is 12102101121 (base 3) in base 6?
2142024
What is 22002210022200 (base 3) in base 7?
51414132
Convert -6679070 (base 10) to base 4.
-121132220132
What is 4453363 (base 7) in base 15?
ad41a
What is 292305 (base 11) in base 12?
1a04b1
-3a50a1 (base 11) to base 2
-10011011010110101001
Convert 10952 (base 12) to base 3.
1010022022
What is -111111001100010100001 (base 2) in base 7?
-23412665
-413113 (base 6) to base 15
-9c13
Convert 244545031 (base 6) to base 12.
16b2177
-12055153 (base 6) to base 4
-1130333031
Convert 13218084 (base 9) to base 14.
c15951
-34433000 (base 5) to base 6
-10402413
Convert -33303021 (base 4) to base 8.
-176311
Convert -29c24b (base 15) to base 9.
-3711538
What is 2121375 (base 12) in base 14?
b90dbb
Convert 22200122100122 (base 3) to base 15.
613685
What is -1260664 (base 7) in base 10?
-166009
Convert 2a2489a (base 12) to base 16.
81d9f6
Convert 1242341 (base 6) to base 11.
4706a
-66030235 (base 7) to base 8
-25443717
What is -d5e4ed (base 16) in base 3?
-222101011202210
-3483529 (base 11) to base 15
-801a14
What is -22164203 (base 7) in base 15?
-27c665
Convert -19daa3 (base 14) to base 9.
-1653754
Convert 22320224 (base 5) to base 16.
3062d
What is 39957 (base 10) in base 8?
116025
What is 4839781 (base 10) in base 9?
10085834
What is 23c16c (base 13) in base 5?
204324032
What is 1402131331 (base 5) in base 8?
15431533
What is -2343024 (base 5) in base 10?
-43514
What is 331111202 (base 4) in base 14?
677b4
-222553 (base 6) to base 3
-221202220
Convert 24b65 (base 12) to base 7.
265622
What is 10113131123 (base 4) in base 12?
47250b
1265410 (base 7) to base 8
507243
What is -eac0 (base 15) in base 11?
-34364
Convert 340241030 (base 5) to base 6.
52001133
1791701 (base 11) to base 7
34531114
-128054 (base 13) to base 16
-6ce6c
Convert 10032e (base 15) to base 5.
143310334
-2589223 (base 13) to base 5
-11002234321
-1b55571 (base 12) to base 11
-3326962
af33 (base 16) to base 12
21b57
Convert 2223103321 (base 4) to base 13.
1b7501
What is 2222031303 (base 4) in base 10?
697203
1231141 (base 6) to base 4
100031011
Convert -4503330 (base 6) to base 12.
-aab46
What is 10111000000110 (base 2) in base 11?
8941
What is -1124144321 (base 5) in base 10?
-2568711
Convert 1011495 (base 10) to base 5.
224331440
Convert 10011001000101000 (base 2) to base 16.
13228
489a78 (base 13) to base 7
20514646
-110011110010110100001 (base 2) to base 15
-237d0a
525607a (base 11) to base 13
1bc34bb
What is 27265133 (base 8) in base 6?
335114535
What is -18962 (base 10) in base 16?
-4a12
-2218 (base 13) to base 5
-123003
1110110010001011010 (base 2) to base 3
220121112022
Convert 7e8fb0 (base 16) to base 6.
453435344
Convert -110222021002122 (base 3) to base 16.
-693290
-6608449 (base 11) to base 14
-1781c93
What is -25072 (base 14) in base 3?
-11121100111
-f11 (base 16) to base 11
-2997
Convert -a623a (base 13) to base 10.
-299179
-11111100110010 (base 2) to base 6
-202522
Convert -97415b (base 13) to base 16.
-362d85
Convert -11202110220122 (base 3) to base 14.
-49b833
What is -2001556 (base 7) in base 5?
-30022202
What is 311300022 (base 4) in base 6?
4415150
Convert -a10620 (base 11) to base 12.
-664ab7
Convert -1443114302 (base 5) to base 15.
-51966c
Convert 4cab5 (base 16) to base 5.
40022122
2018195 (base 10) to base 6
111131255
What is -769905 (base 12) in base 4?
-13023233111
Convert 697972 (base 11) to base 7.
12264645
Convert 359a0 (base 13) to base 9.
158773
What is -1192596 (base 10) in base 3?
-2020120221020
Convert -1dc709 (base 14) to base 4.
-10011212311
Convert -375737 (base 10) to base 14.
-9ad05
What is -726745 (base 10) in base 3?
-1100220220111
What is -c6a68 (base 15) in base 10?
-630098
Convert -215524 (base 10) to base 7.
-1555231
Convert -5915a (base 12) to base 13.
-424a2
37073514 (base 9) to base 2
1000101000111001110010110
What is -2101301 (base 5) in base 12?
-18014
What is -101101001101111010 (base 2) in base 5?
-21411320
Convert -10111100000011000 (base 2) to base 14.
-27132
-1627a2 (base 11) to base 16
-3da66
Convert -775a2 (base 12) to base 7.
-1225622
Convert 14513131 (base 6) to base 5.
112214224
5b6bb4 (base 12) to base 6
51451544
Convert -23040434 (base 5) to base 14.
-54da0
What is -2b2d4 (base 14) in base 16?
-1a44a
939b5 (base 15) to base 13
134cba
Convert -4116552 (base 7) to base 3.
-221000002120
What is -47235b4 (base 12) in base 3?
-221211201111201
What is -11334271 (base 8) in base 4?
-21123202321
What is 1331232 (base 5) in base 16?
69bb
What is -310589b (base 12) in base 7?
-141224555
Convert -32281 (base 11) to base 6.
-1001112
21986bb (base 12) to base 11
3697154
58ce0e (base 15) to base 9
7880705
What is -2887554 (base 10) in base 5?
-1214400204
Convert 9c16 (base 16) to base 12.
1b15a
-13111201 (base 4) to base 12
-15481
What is 3411779 (base 10) in base 16?
340f43
What is -4015410 (base 6) in base 12?
-91566
22221434 (base 5) to base 2
101111101010101100
162017 (base 8) to base 13
20760
Convert -11212022200111 (base 3) to base 4.
-21313003210
What is -334310535 (base 6) in base 8?
-27166573
What is -2342214434 (base 5) in base 4?
-110231201321
Convert 1001001101010101010 (base 2) to base 6.
10244534
-132691 (base 13) to base 5
-104300002
617919 (base 13) to base 8
10527731
Convert -424136 (base 16) to base 7.
-51623045
What is -11022403 (base 5) in base 12?
-47221
Convert 210677 (base 14) to base 5.
241142340
Convert -11000002122 (base 3) to base 8.
-231723
What is 26770721 (base 8) in base 2?
10110111111000111010001
534078 (base 13) to base 6
105452323
What is -251b5 (base 15) in base 9?
-200518
What is 523515 (base 11) in base 5?
203323101
What is -4988c (base 13) in base 7?
-1103000
100011011100110110111 (base 2) to base 9
2160437
-425379 (base 12) to base 16
-ff5cd
Convert -2eb11 (base 15) to base 9.
-250107
Convert 1026f (base 16) to base 11.
45785
Convert -34054454 (base 6) to base 5.
-231041304
Convert -12a23 (base 12) to base 3.
-1022012100
Convert 11115c9 (base 13) to base 9.
10751026
13531042 (base 6) to base 11
296881
What is -6578880 (base 9) in base 6?
-203444030
What is -201202222 (base 4) in base 2?
-100001100010101010
2002701 (base 10) to base 8
7507415
What is -20232001303 (base 4) in base 9?
-4263327
What is -406620 (base 7) in base 10?
-69594
-2a4134 (